de 311?
False
Is 34224 a multiple of 16?
True
Is 36300 a multiple of 220?
True
Is 19 a factor of 32?
False
Does 5 divide 705?
True
Is 813 a multiple of 15?
False
Is 1446 a multiple of 8?
False
Is 2728 a multiple of 38?
False
Does 14 divide 1570?
False
Is 77 a factor of 1636?
False
Is 111 a factor of 16872?
True
Is 30 a factor of 75922?
False
Is 1155 a multiple of 62?
False
Is 1386 a multiple of 82?
False
Does 46 divide 45047?
False
Does 34 divide 5096?
False
Is 3104 a multiple of 24?
False
Is 11703 a multiple of 6?
False
Does 14 divide 10052?
True
Is 13 a factor of 670?
False
Is 22 a factor of 842?
False
Is 165 a multiple of 8?
False
Is 417 a multiple of 32?
False
Does 19 divide 456?
True
Is 16674 a multiple of 24?
False
Is 13247 a multiple of 9?
False
Is 46 a factor of 276?
True
Is 14 a factor of 2422?
True
Is 3348 a multiple of 10?
False
Is 31 a factor of 3721?
False
Is 1479 a multiple of 32?
False
Is 945 a multiple of 35?
True
Is 708 a multiple of 3?
True
Is 12 a factor of 35484?
True
Is 58 a factor of 3771?
False
Does 96 divide 3072?
True
Is 56 a factor of 4648?
True
Does 38 divide 992?
False
Does 54 divide 1009?
False
Is 2952 a multiple of 47?
False
Is 14 a factor of 1162?
True
Does 8 divide 5642?
False
Is 12 a factor of 2856?
True
Does 13 divide 412?
False
Is 16800 a multiple of 224?
True
Is 96 a multiple of 24?
True
Does 71 divide 46221?
True
Does 225 divide 44387?
False
Does 51 divide 607?
False
Is 612 a multiple of 17?
True
Is 1996 a multiple of 6?
False
Is 7044 a multiple of 6?
True
Does 6 divide 221?
False
Does 35 divide 2608?
False
Does 47 divide 6580?
True
Does 23 divide 1714?
False
Is 25992 a multiple of 4?
True
Does 10 divide 95?
False
Does 84 divide 1848?
True
Is 145 a factor of 10585?
True
Does 47 divide 9388?
False
Does 10 divide 1389?
False
Is 9956 a multiple of 76?
True
Is 7 a factor of 1197?
True
Does 47 divide 11549?
False
Is 8007 a multiple of 157?
True
Does 46 divide 3082?
True
Is 69 a multiple of 6?
False
Is 1156 a multiple of 25?
False
Is 692 even?
True
Is 1792 a multiple of 4?
True
Is 5 a factor of 905?
True
Is 5084 a multiple of 62?
True
Does 25 divide 275?
True
Is 47 a factor of 7708?
True
Is 128 a factor of 11008?
True
Does 5 divide 12125?
True
Is 12320 a multiple of 22?
True
Does 7 divide 20983?
False
Does 22 divide 440?
True
Does 134 divide 19055?
False
Does 144 divide 8802?
False
Is 10925 a multiple of 136?
False
Is 13 a factor of 670?
False
Is 656 a multiple of 9?
False
Is 5072 a multiple of 7?
False
Is 27127 a multiple of 121?
False
Is 80 a factor of 8030?
False
Is 38 a factor of 1374?
False
Is 54 a factor of 12295?
False
Is 19 a factor of 1159?
True
Does 31 divide 2111?
False
Does 3 divide 177?
True
Is 29 a factor of 59?
False
Does 50 divide 14850?
True
Does 14 divide 238?
True
Is 64 a factor of 972?
False
Is 8990 a multiple of 24?
False
Does 27 divide 714?
False
Is 19 a factor of 2986?
False
Is 14539 a multiple of 217?
True
Is 16 a factor of 240?
True
Is 2448 a multiple of 19?
False
Is 8284 a multiple of 76?
True
Does 44 divide 2021?
False
Is 79 a factor of 1896?
True
Is 33 a factor of 1100?
False
Is 9035 a multiple of 37?
False
Is 10066 a multiple of 19?
False
Does 182 divide 100944?
False
Is 21 a factor of 24108?
True
Is 5705 a multiple of 163?
True
Is 450 a multiple of 30?
True
Is 29304 a multiple of 36?
True
Is 26 a factor of 543?
False
Does 13 divide 1000?
False
Is 832 a multiple of 12?
False
Does 42 divide 5869?
False
Is 408 a multiple of 17?
True
Does 176 divide 63008?
True
Is 30217 a multiple of 19?
False
Does 5 divide 15046?
False
Is 563 a multiple of 33?
False
Is 65 a factor of 3624?
False
Does 20 divide 1929?
False
Is 6111 a multiple of 32?
False
Is 33720 a multiple of 10?
True
Does 202 divide 7775?
False
Is 2522 a multiple of 26?
True
Does 19 divide 1535?
False
Is 245 a multiple of 7?
True
Does 30 divide 1098?
False
Is 10 a factor of 410?
True
Is 96 a factor of 13728?
True
Is 26 a factor of 2323?
False
Does 10 divide 16440?
True
Is 17 a factor of 58684?
True
Does 17 divide 190315?
True
Is 2081 a multiple of 157?
False
Is 17 a factor of 13483?
False
Is 33 a multiple of 5?
False
Does 38 divide 76174?
False
Is 731 a multiple of 9?
False
Does 15 divide 237?
False
Is 9 a factor of 1249?
False
Is 7 a factor of 125?
False
Does 22 divide 3014?
True
Is 465 a multiple of 27?
False
Is 12 a factor of 3600?
True
Is 978 a multiple of 2?
True
Does 9 divide 81?
True
Does 5 divide 2161?
False
Does 224 divide 14336?
True
Is 86 a factor of 27289?
False
Is 792 a multiple of 30?
False
Does 65 divide 1950?
True
Is 6 a factor of 2694?
True
Does 7 divide 374?
False
Does 9 divide 1047?
False
Is 2609 a multiple of 19?
False
Is 25833 a multiple of 51?
False
Is 2136 a multiple of 56?
False
Is 2 a factor of 107?
False
Is 20 a factor of 8759?
False
Is 7920 a multiple of 33?
True
Is 10902 a multiple of 117?
False
Is 16 a factor of 13264?
True
Is 24 a factor of 2592?
True
Is 72 a factor of 8136?
True
Does 52 divide 3847?
False
Is 469 a multiple of 67?
True
Is 8 a factor of 21280?
True
Is 41677 a multiple of 29?
False
Is 4607 a multiple of 455?
False
Is 20 a multiple of 4?
True
Is 7 a factor of 36412?
False
Does 3 divide 9263?
False
Does 13 divide 54869?
False
Is 111 a factor of 8817?
False
Is 722 a multiple of 12?
False
Is 3 a factor of 1101?
True
Is 7650 a multiple of 6?
True
Does 47 divide 24252?
True
Does 7 divide 1526?
True
Is 18870 a multiple of 47?
False
Is 2797 a multiple of 45?
False
Is 8494 a multiple of 152?
False
Is 43 a factor of 431?
False
Is 4488 a multiple of 6?
True
Is 5 a factor of 385?
True
Does 9 divide 2541?
False
Is 2808 a multiple of 117?
True
Is 5672 a multiple of 16?
False
Is 2964 a multiple of 156?
True
Does 9 divide 1026?
True
Does 45 divide 18540?
True
Is 5139 a multiple of 21?
False
Is 122 a factor of 3050?
True
Is 2148 a multiple of 23?
False
Is 3584 a multiple of 16?
True
Is 1032 a multiple of 3?
True
Is 2594 a multiple of 28?
False
Is 22 a factor of 3093?
False
Is 6731 a multiple of 6?
False
Is 1532 a multiple of 84?
False
Is 13 a factor of 1820?
True
Does 6 divide 2478?
True
Is 680 a multiple of 3?
False
Is 3014 a multiple of 137?
True
Is 7 a factor of 28436?
False
Is 27 a factor of 486?
True
Is 148 a factor of 20572?
True
Is 7 a factor of 97?
False
Is 11 a factor of 17688?
True
Is 19404 a multiple of 21?
True
Does 27 divide 1354?
False
Does 20 divide 1064?
False
Is 148 a factor of 61452?
False
Is 29053 a multiple of 17?
True
Does 12 divide 8364?
True
Does 178 divide 36668?
True
Is 3 a factor of 254?
False
Does 7 divide 87?
False
Is 22 a factor of 9900?
True
Is 9514 a multiple of 67?
True
Does 80 divide 4342?
False
Is 1501 a multiple of 20?
False
Is 816 a multiple of 23?
False
Is 1601 a multiple of 15?
False
Is 6 a factor of 744?
True
Does 20 divide 37564?
False
Is 312 a multiple of 3?
True
Is 14 a factor of 43666?
True
Is 12 a factor of 36?
True
Does 71 divide 1633?
True
Does 2 divide 83?
False
Does 23 divide 794?
False
Is 33 a factor of 820?
False
Is 69 a multiple of 19?
False
Does 12 divide 8664?
True
Is 3768 a multiple of 16?
False
Does 12 divide 2376?
True
Does 7 divide 8232?
True
Does 25 divide 4925?
True
Is 96 a factor of 2208?
True
Does 18 divide 1856?
False
Is 248 a factor of 34968?
True
Is 9 a factor of 9117?
True
Is 66 a factor of 1518?
True
Does 100 divide 2255?
False
Is 300 a multiple of 10?
True
Is 34928 a multiple of 8?
True
Does 38 divide 15020?
False
Is 12 a factor of 2404?
False
Is 219 a factor of 4204?
False
Is 10 a factor of 360?
True
Does 44 divide 1471?
False
Does 2 divide 1173?
False
Is 3267 a multiple of 81?
False
Is 18 a factor of 17877?
False
Does 88 divide 11440?
True
Is 17 a factor of 385?
False
Does 52 divide 4790?
False
Does 45 divide 632?
False
Is 17 a factor of 443?
False
Does 29 divide 435?
True
Is 26 a factor of 858?
True
Does 48 divide 21648?
True
Does 30 divide 290?
False
Is 657 a multiple of 9?
True
Is 17 a factor of 1513?
True
Does 46 divide 30084?
True
Does 17 divide 38148?
True
Is 3 a factor of 39?
True
Is 10 a factor of 1280?
True
Is 230 a factor of 8050?
True
Does 113 divide 89658?
False
Is 320 a multiple of 4?
True
Is 378 a multiple of 27?
True
Is 12 a factor of 11244?
True
Does 10 divide 25219?
False
Is 10 a factor of 38235?
False
Is 39 a factor o